{"id":206,"date":"2025-07-05T18:59:14","date_gmt":"2025-07-05T15:59:14","guid":{"rendered":"https:\/\/moneylinktv.com\/?page_id=206"},"modified":"2025-09-23T13:06:12","modified_gmt":"2025-09-23T10:06:12","slug":"portfoy-savaslari","status":"publish","type":"page","link":"https:\/\/moneylinktv.com\/index.php\/portfoy-savaslari\/","title":{"rendered":"Portf\u00f6y Sava\u015flar\u0131!"},"content":{"rendered":"\t\t<div data-elementor-type=\"wp-page\" data-elementor-id=\"206\" class=\"elementor elementor-206\" data-elementor-post-type=\"page\">\n\t\t\t\t\t\t<section class=\"elementor-section elementor-top-section elementor-element elementor-element-e8d7f92 elementor-section-boxed elementor-section-height-default elementor-section-height-default\" data-id=\"e8d7f92\" data-element_type=\"section\">\n\t\t\t\t\t\t<div class=\"elementor-container elementor-column-gap-no\">\n\t\t\t\t\t<div class=\"elementor-column elementor-col-100 elementor-top-column elementor-element elementor-element-230bf583\" data-id=\"230bf583\" data-element_type=\"column\">\n\t\t\t<div class=\"elementor-widget-wrap elementor-element-populated\">\n\t\t\t\t\t\t<section class=\"elementor-section elementor-inner-section elementor-element elementor-element-e93593e elementor-section-boxed elementor-section-height-default elementor-section-height-default\" data-id=\"e93593e\" data-element_type=\"section\">\n\t\t\t\t\t\t<div class=\"elementor-container elementor-column-gap-no\">\n\t\t\t\t\t<div class=\"elementor-column elementor-col-100 elementor-inner-column elementor-element elementor-element-77a959b8\" data-id=\"77a959b8\" data-element_type=\"column\">\n\t\t\t<div class=\"elementor-widget-wrap elementor-element-populated\">\n\t\t\t\t\t\t<div class=\"elementor-element elementor-element-57ed3a3 elementor-widget elementor-widget-spacer\" data-id=\"57ed3a3\" data-element_type=\"widget\" data-widget_type=\"spacer.default\">\n\t\t\t\t<div class=\"elementor-widget-container\">\n\t\t\t\t\t\t\t<div class=\"elementor-spacer\">\n\t\t\t<div class=\"elementor-spacer-inner\"><\/div>\n\t\t<\/div>\n\t\t\t\t\t\t<\/div>\n\t\t\t\t<\/div>\n\t\t\t\t<div class=\"elementor-element elementor-element-1409fbd elementor-widget elementor-widget-image\" data-id=\"1409fbd\" data-element_type=\"widget\" data-widget_type=\"image.default\">\n\t\t\t\t<div class=\"elementor-widget-container\">\n\t\t\t\t\t\t\t\t\t\t\t\t\t\t\t<img fetchpriority=\"high\" decoding=\"async\" width=\"1408\" height=\"768\" src=\"https:\/\/moneylinktv.com\/wp-content\/uploads\/2025\/09\/image1.jpeg\" class=\"attachment-full size-full wp-image-837\" alt=\"\" srcset=\"https:\/\/moneylinktv.com\/wp-content\/uploads\/2025\/09\/image1.jpeg 1408w, https:\/\/moneylinktv.com\/wp-content\/uploads\/2025\/09\/image1-300x164.jpeg 300w, https:\/\/moneylinktv.com\/wp-content\/uploads\/2025\/09\/image1-1024x559.jpeg 1024w, https:\/\/moneylinktv.com\/wp-content\/uploads\/2025\/09\/image1-768x419.jpeg 768w\" sizes=\"(max-width: 1408px) 100vw, 1408px\" \/>\t\t\t\t\t\t\t\t\t\t\t\t\t\t\t<\/div>\n\t\t\t\t<\/div>\n\t\t\t\t\t<\/div>\n\t\t<\/div>\n\t\t\t\t\t<\/div>\n\t\t<\/section>\n\t\t\t\t<section class=\"elementor-section elementor-inner-section elementor-element elementor-element-57e943a0 elementor-reverse-mobile elementor-section-boxed elementor-section-height-default elementor-section-height-default\" data-id=\"57e943a0\" data-element_type=\"section\">\n\t\t\t\t\t\t<div class=\"elementor-container elementor-column-gap-no\">\n\t\t\t\t\t<div class=\"elementor-column elementor-col-100 elementor-inner-column elementor-element elementor-element-10c5b755\" data-id=\"10c5b755\" data-element_type=\"column\">\n\t\t\t<div class=\"elementor-widget-wrap elementor-element-populated\">\n\t\t\t\t\t\t<div class=\"elementor-element elementor-element-7e3b984b elementor-widget elementor-widget-text-editor\" data-id=\"7e3b984b\" data-element_type=\"widget\" data-widget_type=\"text-editor.default\">\n\t\t\t\t<div class=\"elementor-widget-container\">\n\t\t\t\t\t\t\t\t\t<p>\u201cYat\u0131r\u0131m\u0131n zek\u00e2 ile bulu\u015ftu\u011fu yeni bir d\u00f6nem ba\u015fl\u0131yor!<\/p><p>Ekranlarda yepyeni bir yar\u0131\u015fma f\u0131rt\u0131nas\u0131 esecek:<\/p><p>PORTF\u00d6Y SAVA\u015eLARI!<\/p><p>Her hafta 3 yar\u0131\u015fmac\u0131, s\u0131n\u0131rl\u0131 zaman i\u00e7inde en ak\u0131ll\u0131 yat\u0131r\u0131m\u0131 yaparak portf\u00f6y\u00fcn\u00fc zirveye ta\u015f\u0131maya \u00e7al\u0131\u015f\u0131yor.<\/p><p>Zaman dar, rekabet y\u00fcksek!<\/p><p>\u00a0Yat\u0131r\u0131m dan\u0131\u015fman\u0131, yap\u0131lan i\u015flemleri de\u011ferlendiriyor; sadece en do\u011fru strateji kazand\u0131r\u0131yor!<\/p><p>Bu s\u0131ra d\u0131\u015f\u0131 format\u0131n arkas\u0131nda; Format Sahibi Mutlu \u0130nan, g\u00fc\u00e7l\u00fc yap\u0131mc\u0131 vizyonuyla Can Mahmuto\u011flu, etkileyici anlat\u0131m\u0131yla y\u00f6netmen koltu\u011funda Tunahan Serim, Kurgu Y\u00f6netmeni Cenk Atun, ekranlara dinamizm katan sunuculu\u011fuyla Burcu \u00d6zder Balar ve finansal akl\u0131 temsil eden deneyimli yat\u0131r\u0131m dan\u0131\u015fman\u0131m\u0131z Tu\u011fba Ekin var.<\/p><p>Finans d\u00fcnyas\u0131n\u0131n heyecan\u0131n\u0131 ekranlara ta\u015f\u0131yan Portf\u00f6y Sava\u015flar\u0131, izleyicisine bilgi, strateji ve rekabeti bir arada sunuyor.<\/p><p>Para y\u00f6netimini oyun alan\u0131na \u00e7eviren bu dinamik yar\u0131\u015fma \u00e7ok yak\u0131nda ba\u015fl\u0131yor!<\/p><p>Sen de kazanan\u0131n kim olaca\u011f\u0131n\u0131 tahmin etmek istiyorsan ekran ba\u015f\u0131nda yerini al!<\/p><p>Yar\u0131\u015fmac\u0131 olmak istiyorsan hemen ba\u015fvuruya t\u0131kla!\u201d<\/p><p><strong>Burcu \u00d6zder Balar \u2013 Sunucu<\/strong><\/p><p>Ekranlar\u0131n sevilen y\u00fcz\u00fc, deneyimli sunucu ve proje y\u00f6neticisi Burcu \u00d6zder Balar; medya d\u00fcnyas\u0131ndaki 20 y\u0131l\u0131 a\u015fk\u0131n kariyeriyle izleyiciyle g\u00fc\u00e7l\u00fc bir ba\u011f kuruyor. Samimi \u00fcslubu, enerjisi ve bilgiye verdi\u011fi de\u011ferle \u201cPortf\u00f6y Sava\u015flar\u0131\u201dna y\u00f6n veriyor. Finans d\u00fcnyas\u0131n\u0131 daha anla\u015f\u0131l\u0131r ve keyifli hale getirirken, yar\u0131\u015fmac\u0131larla kurdu\u011fu s\u0131cak diyaloglarla program\u0131n temposunu y\u00fckseltiyor.<\/p>\t\t\t\t\t\t\t\t<\/div>\n\t\t\t\t<\/div>\n\t\t\t\t\t<\/div>\n\t\t<\/div>\n\t\t\t\t\t<\/div>\n\t\t<\/section>\n\t\t\t\t<div class=\"elementor-element elementor-element-aefc282 e-grid-align-left e-grid-align-tablet-center e-grid-align-mobile-center elementor-shape-rounded elementor-grid-0 elementor-widget elementor-widget-social-icons\" data-id=\"aefc282\" data-element_type=\"widget\" data-widget_type=\"social-icons.default\">\n\t\t\t\t<div class=\"elementor-widget-container\">\n\t\t\t\t\t\t\t<div class=\"elementor-social-icons-wrapper elementor-grid\" role=\"list\">\n\t\t\t\t\t\t\t<span class=\"elementor-grid-item\" role=\"listitem\">\n\t\t\t\t\t<a class=\"elementor-icon elementor-social-icon elementor-social-icon-facebook-f elementor-animation-shrink elementor-repeater-item-c0163ab\" href=\"https:\/\/www.facebook.com\/profile.php?id=61577219962625\" target=\"_blank\">\n\t\t\t\t\t\t<span class=\"elementor-screen-only\">Facebook-f<\/span>\n\t\t\t\t\t\t<svg class=\"e-font-icon-svg e-fab-facebook-f\" viewBox=\"0 0 320 512\" xmlns=\"http:\/\/www.w3.org\/2000\/svg\"><path d=\"M279.14 288l14.22-92.66h-88.91v-60.13c0-25.35 12.42-50.06 52.24-50.06h40.42V6.26S260.43 0 225.36 0c-73.22 0-121.08 44.38-121.08 124.72v70.62H22.89V288h81.39v224h100.17V288z\"><\/path><\/svg>\t\t\t\t\t<\/a>\n\t\t\t\t<\/span>\n\t\t\t\t\t\t\t<span class=\"elementor-grid-item\" role=\"listitem\">\n\t\t\t\t\t<a class=\"elementor-icon elementor-social-icon elementor-social-icon-x-twitter elementor-animation-shrink elementor-repeater-item-310ab07\" href=\"https:\/\/x.com\/portfoysavaslar\" target=\"_blank\">\n\t\t\t\t\t\t<span class=\"elementor-screen-only\">X-twitter<\/span>\n\t\t\t\t\t\t<svg class=\"e-font-icon-svg e-fab-x-twitter\" viewBox=\"0 0 512 512\" xmlns=\"http:\/\/www.w3.org\/2000\/svg\"><path d=\"M389.2 48h70.6L305.6 224.2 487 464H345L233.7 318.6 106.5 464H35.8L200.7 275.5 26.8 48H172.4L272.9 180.9 389.2 48zM364.4 421.8h39.1L151.1 88h-42L364.4 421.8z\"><\/path><\/svg>\t\t\t\t\t<\/a>\n\t\t\t\t<\/span>\n\t\t\t\t\t\t\t<span class=\"elementor-grid-item\" role=\"listitem\">\n\t\t\t\t\t<a class=\"elementor-icon elementor-social-icon elementor-social-icon-instagram elementor-animation-shrink elementor-repeater-item-63f86db\" href=\"https:\/\/www.instagram.com\/portfoysavaslari\" target=\"_blank\">\n\t\t\t\t\t\t<span class=\"elementor-screen-only\">Instagram<\/span>\n\t\t\t\t\t\t<svg class=\"e-font-icon-svg e-fab-instagram\" viewBox=\"0 0 448 512\" xmlns=\"http:\/\/www.w3.org\/2000\/svg\"><path d=\"M224.1 141c-63.6 0-114.9 51.3-114.9 114.9s51.3 114.9 114.9 114.9S339 319.5 339 255.9 287.7 141 224.1 141zm0 189.6c-41.1 0-74.7-33.5-74.7-74.7s33.5-74.7 74.7-74.7 74.7 33.5 74.7 74.7-33.6 74.7-74.7 74.7zm146.4-194.3c0 14.9-12 26.8-26.8 26.8-14.9 0-26.8-12-26.8-26.8s12-26.8 26.8-26.8 26.8 12 26.8 26.8zm76.1 27.2c-1.7-35.9-9.9-67.7-36.2-93.9-26.2-26.2-58-34.4-93.9-36.2-37-2.1-147.9-2.1-184.9 0-35.8 1.7-67.6 9.9-93.9 36.1s-34.4 58-36.2 93.9c-2.1 37-2.1 147.9 0 184.9 1.7 35.9 9.9 67.7 36.2 93.9s58 34.4 93.9 36.2c37 2.1 147.9 2.1 184.9 0 35.9-1.7 67.7-9.9 93.9-36.2 26.2-26.2 34.4-58 36.2-93.9 2.1-37 2.1-147.8 0-184.8zM398.8 388c-7.8 19.6-22.9 34.7-42.6 42.6-29.5 11.7-99.5 9-132.1 9s-102.7 2.6-132.1-9c-19.6-7.8-34.7-22.9-42.6-42.6-11.7-29.5-9-99.5-9-132.1s-2.6-102.7 9-132.1c7.8-19.6 22.9-34.7 42.6-42.6 29.5-11.7 99.5-9 132.1-9s102.7-2.6 132.1 9c19.6 7.8 34.7 22.9 42.6 42.6 11.7 29.5 9 99.5 9 132.1s2.7 102.7-9 132.1z\"><\/path><\/svg>\t\t\t\t\t<\/a>\n\t\t\t\t<\/span>\n\t\t\t\t\t\t\t<span class=\"elementor-grid-item\" role=\"listitem\">\n\t\t\t\t\t<a class=\"elementor-icon elementor-social-icon elementor-social-icon-tiktok elementor-animation-shrink elementor-repeater-item-69fbb3e\" href=\"https:\/\/www.tiktok.com\/@portfoysavaslar\" target=\"_blank\">\n\t\t\t\t\t\t<span class=\"elementor-screen-only\">Tiktok<\/span>\n\t\t\t\t\t\t<svg class=\"e-font-icon-svg e-fab-tiktok\" viewBox=\"0 0 448 512\" xmlns=\"http:\/\/www.w3.org\/2000\/svg\"><path d=\"M448,209.91a210.06,210.06,0,0,1-122.77-39.25V349.38A162.55,162.55,0,1,1,185,188.31V278.2a74.62,74.62,0,1,0,52.23,71.18V0l88,0a121.18,121.18,0,0,0,1.86,22.17h0A122.18,122.18,0,0,0,381,102.39a121.43,121.43,0,0,0,67,20.14Z\"><\/path><\/svg>\t\t\t\t\t<\/a>\n\t\t\t\t<\/span>\n\t\t\t\t\t\t\t<span class=\"elementor-grid-item\" role=\"listitem\">\n\t\t\t\t\t<a class=\"elementor-icon elementor-social-icon elementor-social-icon-whatsapp elementor-animation-shrink elementor-repeater-item-8190466\" href=\"http:\/\/wa.me\/905319461383\" target=\"_blank\">\n\t\t\t\t\t\t<span class=\"elementor-screen-only\">Whatsapp<\/span>\n\t\t\t\t\t\t<svg class=\"e-font-icon-svg e-fab-whatsapp\" viewBox=\"0 0 448 512\" xmlns=\"http:\/\/www.w3.org\/2000\/svg\"><path d=\"M380.9 97.1C339 55.1 283.2 32 223.9 32c-122.4 0-222 99.6-222 222 0 39.1 10.2 77.3 29.6 111L0 480l117.7-30.9c32.4 17.7 68.9 27 106.1 27h.1c122.3 0 224.1-99.6 224.1-222 0-59.3-25.2-115-67.1-157zm-157 341.6c-33.2 0-65.7-8.9-94-25.7l-6.7-4-69.8 18.3L72 359.2l-4.4-7c-18.5-29.4-28.2-63.3-28.2-98.2 0-101.7 82.8-184.5 184.6-184.5 49.3 0 95.6 19.2 130.4 54.1 34.8 34.9 56.2 81.2 56.1 130.5 0 101.8-84.9 184.6-186.6 184.6zm101.2-138.2c-5.5-2.8-32.8-16.2-37.9-18-5.1-1.9-8.8-2.8-12.5 2.8-3.7 5.6-14.3 18-17.6 21.8-3.2 3.7-6.5 4.2-12 1.4-32.6-16.3-54-29.1-75.5-66-5.7-9.8 5.7-9.1 16.3-30.3 1.8-3.7.9-6.9-.5-9.7-1.4-2.8-12.5-30.1-17.1-41.2-4.5-10.8-9.1-9.3-12.5-9.5-3.2-.2-6.9-.2-10.6-.2-3.7 0-9.7 1.4-14.8 6.9-5.1 5.6-19.4 19-19.4 46.3 0 27.3 19.9 53.7 22.6 57.4 2.8 3.7 39.1 59.7 94.8 83.8 35.2 15.2 49 16.5 66.6 13.9 10.7-1.6 32.8-13.4 37.4-26.4 4.6-13 4.6-24.1 3.2-26.4-1.3-2.5-5-3.9-10.5-6.6z\"><\/path><\/svg>\t\t\t\t\t<\/a>\n\t\t\t\t<\/span>\n\t\t\t\t\t<\/div>\n\t\t\t\t\t\t<\/div>\n\t\t\t\t<\/div>\n\t\t\t\t\t<\/div>\n\t\t<\/div>\n\t\t\t\t\t<\/div>\n\t\t<\/section>\n\t\t\t\t<section class=\"elementor-section elementor-top-section elementor-element elementor-element-de9e565 elementor-section-boxed elementor-section-height-default elementor-section-height-default\" data-id=\"de9e565\" data-element_type=\"section\">\n\t\t\t\t\t\t<div class=\"elementor-container elementor-column-gap-default\">\n\t\t\t\t\t<div class=\"elementor-column elementor-col-100 elementor-top-column elementor-element elementor-element-0ad4fe1\" data-id=\"0ad4fe1\" data-element_type=\"column\" data-settings=\"{&quot;background_background&quot;:&quot;classic&quot;}\">\n\t\t\t<div class=\"elementor-widget-wrap elementor-element-populated\">\n\t\t\t\t\t<div class=\"elementor-background-overlay\"><\/div>\n\t\t\t\t\t\t<section class=\"elementor-section elementor-inner-section elementor-element elementor-element-8a4650b elementor-section-boxed elementor-section-height-default elementor-section-height-default\" data-id=\"8a4650b\" data-element_type=\"section\">\n\t\t\t\t\t\t<div class=\"elementor-container elementor-column-gap-no\">\n\t\t\t\t\t<div class=\"elementor-column elementor-col-50 elementor-inner-column elementor-element elementor-element-d97df8b\" data-id=\"d97df8b\" data-element_type=\"column\">\n\t\t\t<div class=\"elementor-widget-wrap elementor-element-populated\">\n\t\t\t\t\t\t<div class=\"elementor-element elementor-element-1a97b29 elementor-widget elementor-widget-heading\" data-id=\"1a97b29\" data-element_type=\"widget\" data-widget_type=\"heading.default\">\n\t\t\t\t<div class=\"elementor-widget-container\">\n\t\t\t\t\t<h2 class=\"elementor-heading-title elementor-size-default\">Aram\u0131za Kat\u0131lmak \u0130ster misin?<\/h2>\t\t\t\t<\/div>\n\t\t\t\t<\/div>\n\t\t\t\t<div class=\"elementor-element elementor-element-c52fcc0 elementor-widget elementor-widget-text-editor\" data-id=\"c52fcc0\" data-element_type=\"widget\" data-widget_type=\"text-editor.default\">\n\t\t\t\t<div class=\"elementor-widget-container\">\n\t\t\t\t\t\t\t\t\t<p>Yar\u0131\u015fmac\u0131 olmak istiyorsan hemen ba\u015fvuruya t\u0131kla!<\/p>\t\t\t\t\t\t\t\t<\/div>\n\t\t\t\t<\/div>\n\t\t\t\t\t<\/div>\n\t\t<\/div>\n\t\t\t\t<div class=\"elementor-column elementor-col-50 elementor-inner-column elementor-element elementor-element-a38ce0f\" data-id=\"a38ce0f\" data-element_type=\"column\">\n\t\t\t<div class=\"elementor-widget-wrap elementor-element-populated\">\n\t\t\t\t\t\t<div class=\"elementor-element elementor-element-141af6e elementor-widget__width-auto elementor-widget-tablet__width-inherit elementor-widget elementor-widget-button\" data-id=\"141af6e\" data-element_type=\"widget\" data-widget_type=\"button.default\">\n\t\t\t\t<div class=\"elementor-widget-container\">\n\t\t\t\t\t\t\t\t\t<div class=\"elementor-button-wrapper\">\n\t\t\t\t\t<a class=\"elementor-button elementor-button-link elementor-size-sm\" href=\"#\">\n\t\t\t\t\t\t<span class=\"elementor-button-content-wrapper\">\n\t\t\t\t\t\t\t\t\t<span class=\"elementor-button-text\">Hemen Ba\u015fvur<\/span>\n\t\t\t\t\t<\/span>\n\t\t\t\t\t<\/a>\n\t\t\t\t<\/div>\n\t\t\t\t\t\t\t\t<\/div>\n\t\t\t\t<\/div>\n\t\t\t\t\t<\/div>\n\t\t<\/div>\n\t\t\t\t\t<\/div>\n\t\t<\/section>\n\t\t\t\t\t<\/div>\n\t\t<\/div>\n\t\t\t\t\t<\/div>\n\t\t<\/section>\n\t\t\t\t<\/div>\n\t\t\n    <div class=\"xs_social_share_widget xs_share_url after_content \t\tmain_content  wslu-style-1 wslu-share-box-shaped wslu-fill-colored wslu-none wslu-share-horizontal wslu-theme-font-no wslu-main_content\">\n\n\t\t\n        <ul>\n\t\t\t        <\/ul>\n    <\/div> \n","protected":false},"excerpt":{"rendered":"<p>\u201cYat\u0131r\u0131m\u0131n zek\u00e2 ile bulu\u015ftu\u011fu yeni bir d\u00f6nem ba\u015fl\u0131yor! Ekranlarda yepyeni bir yar\u0131\u015fma f\u0131rt\u0131nas\u0131 esecek: PORTF\u00d6Y SAVA\u015eLARI! Her hafta 3 yar\u0131\u015fmac\u0131, s\u0131n\u0131rl\u0131 zaman i\u00e7inde en ak\u0131ll\u0131 yat\u0131r\u0131m\u0131 yaparak portf\u00f6y\u00fcn\u00fc zirveye ta\u015f\u0131maya \u00e7al\u0131\u015f\u0131yor. Zaman dar, rekabet y\u00fcksek! \u00a0Yat\u0131r\u0131m dan\u0131\u015fman\u0131, yap\u0131lan i\u015flemleri de\u011ferlendiriyor; sadece en do\u011fru strateji kazand\u0131r\u0131yor! Bu s\u0131ra d\u0131\u015f\u0131 format\u0131n arkas\u0131nda; Format Sahibi Mutlu \u0130nan, g\u00fc\u00e7l\u00fc [&hellip;]<\/p>\n","protected":false},"author":1,"featured_media":0,"parent":0,"menu_order":0,"comment_status":"closed","ping_status":"closed","template":"elementor_header_footer","meta":{"postBodyCss":"","postBodyMargin":[],"postBodyPadding":[],"postBodyBackground":{"backgroundType":"classic","gradient":""},"footnotes":""},"class_list":["post-206","page","type-page","status-publish","hentry"],"_links":{"self":[{"href":"https:\/\/moneylinktv.com\/index.php\/wp-json\/wp\/v2\/pages\/206","targetHints":{"allow":["GET"]}}],"collection":[{"href":"https:\/\/moneylinktv.com\/index.php\/wp-json\/wp\/v2\/pages"}],"about":[{"href":"https:\/\/moneylinktv.com\/index.php\/wp-json\/wp\/v2\/types\/page"}],"author":[{"embeddable":true,"href":"https:\/\/moneylinktv.com\/index.php\/wp-json\/wp\/v2\/users\/1"}],"replies":[{"embeddable":true,"href":"https:\/\/moneylinktv.com\/index.php\/wp-json\/wp\/v2\/comments?post=206"}],"version-history":[{"count":49,"href":"https:\/\/moneylinktv.com\/index.php\/wp-json\/wp\/v2\/pages\/206\/revisions"}],"predecessor-version":[{"id":840,"href":"https:\/\/moneylinktv.com\/index.php\/wp-json\/wp\/v2\/pages\/206\/revisions\/840"}],"wp:attachment":[{"href":"https:\/\/moneylinktv.com\/index.php\/wp-json\/wp\/v2\/media?parent=206"}],"curies":[{"name":"wp","href":"https:\/\/api.w.org\/{rel}","templated":true}]}}